{"id":233422,"date":"2024-05-25T22:59:06","date_gmt":"2024-05-25T21:59:06","guid":{"rendered":"https:\/\/poradnictwopsychologiczne.eu\/?page_id=233422"},"modified":"2025-08-03T21:41:49","modified_gmt":"2025-08-03T20:41:49","slug":"rezerwacja-wizyty","status":"publish","type":"page","link":"https:\/\/poradnictwopsychologiczne.eu\/?page_id=233422","title":{"rendered":"Rezerwacja wizyty"},"content":{"rendered":"\n<p><strong>Telefoniczna:<\/strong> +48 881 458 988<br \/><strong>za po\u015brednictwem portalu <a href=\"https:\/\/www.znanylekarz.pl\/zizela-kniaziuk\/psycholog\/wroclaw#address-id=1102483\" data-type=\"link\" data-id=\"https:\/\/www.znanylekarz.pl\/zizela-kniaziuk\/psycholog\/wroclaw#address-id=1102483\">Znany Lekarz<\/a><\/strong><br \/><br \/><strong>Formy p\u0142atno\u015bci<\/strong><br \/>P\u0142atno\u015bci mo\u017cna dokonywa\u0107 got\u00f3wk\u0105,  przelewem bankowym oraz BLIK-iem.<\/p>\n","protected":false},"excerpt":{"rendered":"<p>Telefoniczna: +48 881 458 988za po\u015brednictwem portalu Znany Lekarz Formy p\u0142atno\u015bciP\u0142atno\u015bci mo\u017cna dokonywa\u0107 got\u00f3wk\u0105, przelewem bankowym oraz BLIK-iem.<\/p>\n","protected":false},"author":1,"featured_media":0,"parent":0,"menu_order":0,"comment_status":"closed","ping_status":"closed","template":"","meta":{"_et_pb_use_builder":"off","_et_pb_old_content":"","_et_gb_content_width":"","ngg_post_thumbnail":0,"footnotes":""},"class_list":["post-233422","page","type-page","status-publish","hentry"],"_links":{"self":[{"href":"https:\/\/poradnictwopsychologiczne.eu\/index.php?rest_route=\/wp\/v2\/pages\/233422","targetHints":{"allow":["GET"]}}],"collection":[{"href":"https:\/\/poradnictwopsychologiczne.eu\/index.php?rest_route=\/wp\/v2\/pages"}],"about":[{"href":"https:\/\/poradnictwopsychologiczne.eu\/index.php?rest_route=\/wp\/v2\/types\/page"}],"author":[{"embeddable":true,"href":"https:\/\/poradnictwopsychologiczne.eu\/index.php?rest_route=\/wp\/v2\/users\/1"}],"replies":[{"embeddable":true,"href":"https:\/\/poradnictwopsychologiczne.eu\/index.php?rest_route=%2Fwp%2Fv2%2Fcomments&post=233422"}],"version-history":[{"count":7,"href":"https:\/\/poradnictwopsychologiczne.eu\/index.php?rest_route=\/wp\/v2\/pages\/233422\/revisions"}],"predecessor-version":[{"id":233530,"href":"https:\/\/poradnictwopsychologiczne.eu\/index.php?rest_route=\/wp\/v2\/pages\/233422\/revisions\/233530"}],"wp:attachment":[{"href":"https:\/\/poradnictwopsychologiczne.eu\/index.php?rest_route=%2Fwp%2Fv2%2Fmedia&parent=233422"}],"curies":[{"name":"wp","href":"https:\/\/api.w.org\/{rel}","templated":true}]}}